q + 1. Let w be d(m). Let j(l) = 1800*l**3 - 2*l**2 + 2*l - 1. Is j(w) a prime number?
False
Let a(h) = h - 5. Let b be a(8). Suppose b*s + 175 = -2*s. Let o = s - -60. Is o composite?
True
Suppose 3*i = m + 27, m - 5*i + 49 = -m. Let h(a) be the third derivative of -17*a**4/6 - 29*a**3/6 + 422*a**2. Is h(m) a composite number?
False
Suppose 0 = q - 4. Let z be 12/(-9)*63/(-14). Is q/z + 2562/18 a composite number?
True
Suppose 0 = -5*g + 364 + 1226. Let o(t) = -t**2 - 13*t - 2. Let v be o(-10). Suppose g = 2*h + v. Is h composite?
True
Suppose 0*b - 4*b = 5*j - 19, -2*j = 3*b - 16. Let o = b - -9. Suppose 2*m - 169 = -o. Is m a prime number?
False
Let j(w) = -155*w - 13 - 217*w + 97*w. Let d(z) = 6*z**3 - z**2 - z. Let p be d(-1). Is j(p) prime?
True
Let r = -19 - -22. Suppose -2*n + r*n = 251. Is n a prime number?
True
Let d be (-3)/((-9)/41) + 2/6. Is 4/d - 37578/(-42) a composite number?
True
Is 1/(-2)*(-1294 + 0) a composite number?
False
Let f(c) = 2*c - 2. Let y be f(-4). Let x(w) = 2*w**2 + 14*w + 2. Is x(y) composite?
True
Let h = -1110 + 7777. Is h a composite number?
True
Let k(a) = -a + 3. Let t be k(-5). Let y(j) = -j**3 + 8*j**2 + 8*j - 7. Is y(t) a prime number?
False
Suppose -5*n + 0*n + 4*s = 20, -4*n = 4*s - 20. Is (n + -1294)*(7/(-2))/7 a composite number?
False
Let w = 331 - 91. Suppose w = -m + 2*m. Suppose c + 63 = m. Is c composite?
True
Is 1254*(225/(-54))/(-25) composite?
True
Suppose 0 = 6*a - 2*a. Suppose 2*z = -2*l + 1096, 4*l + 3*z - 3543 + 1346 = a. Let b = l + -12. Is b a composite number?
False
Let o be 10/(4*(36/8 - 4)). Is 2*110 + 5/o composite?
True
Suppose 2*h - 56 = -2*w, 4*h - 147 = 4*w - w. Let c = 748 + -748. Let f = c + h. Is f prime?
False
Let i = 26 + 22. Suppose 5*w - 1024 = 681. Let z = w - i. Is z prime?
True
Let x = -861 + 2010. Suppose 0 = 13*c - 4688 - x. Is c composite?
False
Let b(z) = 0*z - 3*z + z**2 + 0*z**2. Let p be b(3). Suppose -k + 61 - 12 = p. Is k a composite number?
True
Suppose 682*c = 704*c - 170918. Is c a prime number?
False
Let c(j) = j. Let q(m) = -16*m - 1. Let z(w) = 6*c(w) + q(w). Suppose 5*f + 19 = -56. Is z(f) a composite number?
False
Suppose 46*v - 51*v = 5*f - 20550, 4*f = -v + 16425. Is f a prime number?
False
Suppose -13*q + 12 = -7*q. Suppose 0 = -q*k + 2, 5*s - 12266 = -3*k + 2*k. Is s composite?
True
Let a(r) = 2*r**3 - 2*r**2 - 2*r + 1. Let f be a(2). Let z(j) = 3*j**2 - 1 - j + f*j + 3 - 1. Is z(6) a composite number?
True
Let m(x) = -5*x**2 - 5*x - 590. Let r(a) = a**2 + a - 1. Let g(y) = -m(y) - 3*r(y). Is g(0) a composite number?
False
Suppose -2*y + 2*i + i + 35173 = 0, y = -3*i + 17582. Is y a prime number?
False
Is (-248)/16 + 15 - (-4774)/4 a prime number?
True
Let x = 17 + -18. Is 0/x + 149*1 a prime number?
True
Let n = 2296 + -1341. Is n a composite number?
True
Let d be -12*(-4)/(9 + 3). Suppose -2*v + 2 = -8, -4*v = d*p - 4768. Is p prime?
True
Suppose 4*w - 14 = -74. Is (-41682)/w + 2/30*3 prime?
False
Suppose -c + 4*i - 632 = -5779, 2*i + 10324 = 2*c. Is c a prime number?
True
Is 157446/12 + (-3)/(-6) a prime number?
True
Suppose -14*f = -13*f - 4*b - 2026, 0 = -3*f + 2*b + 6058. Is f composite?
True
Let f(b) = b**2 - 16*b - 1. Let o be f(10). Let h = -30 - o. Is 12*h + -2 - -3 prime?
True
Suppose 49 = 4*x + 3*z, -2*x - 3*z = -37 + 8. Suppose x = 6*q - q. Is (3 - q) + (528 - 2) a composite number?
True
Let z(h) = 6*h**3 - 8*h**2 + 2*h + 3. Suppose 3*n + 0*n = 4*s - 17, -65 = -5*s - 5*n. Is z(s) composite?
False
Let o = 1228 + -377. Is o composite?
True
Let a = -4933 + 16392. Is a a composite number?
True
Let j = -17 - -29. Let n(t) = -t**3 + 15*t**2 + 5*t - 13. Is n(j) a composite number?
False
Suppose -4*x - f = -76633, 175*x - 57486 = 172*x - 3*f. Is x a composite number?
False
Is ((-300)/(-8))/(-15)*(-2692)/10 a prime number?
True
Let y be 2/4*20/(-10)*109. Let u = y + 218. Is u a composite number?
False
Is -2*3/9 - 25637/(-3) a composite number?
True
Suppose -5*z + 18817 = 3*n, 0 = -4*z + 7*z + 5*n - 11303. Is z composite?
False
Is (-1 - -2)/(((-35)/(-5))/76601) prime?
False
Let h be (-12)/(-4) - 2/1. Let j be -8*(4/8 - h). Suppose z + 3*y - 53 = -y, j*z - 201 = -5*y. Is z prime?
False
Suppose 160826 = 47*h - 18996. Is h a composite number?
True
Let r(w) = w**2 + 2*w - 19. Let x be r(0). Is 2/3*(-27)/6*x composite?
True
Let p(n) = -43843*n - 38. Is p(-3) prime?
False
Suppose -85*w + 41362 = -83*w. Is w composite?
False
Suppose 2*z = 5*o + 19, 4*z - o - 2 = -3*o. Suppose -801 = -5*v + g + 85, 2*v - z*g = 348. Is v prime?
False
Let p(c) = c**2 - 9*c - 14. Let v be p(10). Is 388/v*(0 + -1) a prime number?
True
Suppose -124 = 5*a - 4*v, a = 2*a - 5*v + 8. Let j = 60 + a. Is 633/5 + j/80 a prime number?
True
Let a = 38 + -14. Suppose 95 = 2*g + 3*g. Suppose -a = -b + g. Is b a prime number?
True
Let u = -809 + 453. Let w = 519 + u. Is w a composite number?
False
Let f(j) = -211*j**3 + 6*j**2 + 8*j + 21. Is f(-4) a composite number?
True
Suppose 16*y - 36296 = 82728. Is y a composite number?
True
Let f = -577 - -1944. Is f a composite number?
False
Let v = 5420 + 753. Is v a composite number?
False
Let h be 3 - 5/2*4. Is (-21)/(-147) + (-1770)/h a prime number?
False
Let q(a) = -8*a - 11. Let h = 10 + -22. Let n be q(h). Suppose 4*s - 21 - 49 = -2*b, -4*s = 5*b - n. Is s a composite number?
True
Let w(t) = t**2 - 8*t - 7. Let j be w(9). Let q be (1/j)/(9/72). Suppose 0 = -2*x + 3*g + 739, g + 0*g = q*x - 1503. Is x composite?
True
Let u be 4/20 - (-5)/(-25). Let r(y) = -y + 55. Is r(u) composite?
True
Let o be (-35 - -3)/4*16. Is 1 - o - (4 + -2) prime?
True
Suppose -3*x + 2*u - u + 16382 = 0, 2*u + 10920 = 2*x. Is x prime?
False
Suppose -11*j + 374 = -110. Let k(s) = -s**2 + 8*s - 4. Let w be k(7). Suppose -3*b - w*i - j = -218, -3*b + 179 = -2*i. Is b a prime number?
True
Suppose 1564 = -7*t + 6*t. Let w = t - -2453. Is w a composite number?
True
Is 4 + ((-52)/(-5))/((-2)/(-235)) a composite number?
True
Let b = -2266 - -8577. Is b prime?
True
Let c(w) = w**3 + w**2 - w - 1. Let n be c(-1). Suppose n = -6*d + d + 635. Suppose 0 = -0*i - i + d. Is i composite?
False
Let y(x) = 566*x - 31. Is y(12) a prime number?
True
Is (7 - (-12725)/10)*92/6 prime?
False
Let d(x) = 3*x - 19. Let v be d(7). Suppose v*s + 14 = 5*l, 0 = 2*l - 4*l - s + 11. Is (-8)/32 + 2253/l prime?
True
Suppose 29 = 4*j + 105. Let g(l) = -l**2 - 31*l + 59. Is g(j) composite?
True
Suppose -15 = -3*k + 3*i, -5*k + i = -3*i - 23. Suppose -a = k*y - 119, 0 - 123 = -a - 5*y. Suppose a = 4*d - 3*d. Is d composite?
False
Suppose -4*d + 25296 = 4*f, 2*f + 4*f = 3*d + 37962. Is f composite?
True
Suppose -5*r - l + 3152 = 0, 0 = -37*r + 42*r + 4*l - 3143. Is r a composite number?
False
Let j = 28502 + -17815. Is j prime?
True
Let m = 100 + -97. Suppose -5*v - 2*r = -3*r - 4503, 2*v + m*r - 1808 = 0. Is v a prime number?
False
Let v = -57 - -57. Suppose -3*r = -0*a + 4*a - 1007, 5*r - 5 = v. Is a composite?
False
Let z = -122 + 1298. Suppose -4*p + 1672 + 668 = 4*h, -2*h = -4*p - z. Is h a prime number?
False
Suppose 2*n + 1929 = v, 0 = 4*v - n - 7475 - 234. Is v a prime number?
False
Let z(q) = -q**3 + 4*q**2 + 4. Let t be z(4). Let g(l) be the second derivative of l**5/20 - l**4/4 + l**3/2 - 3*l**2/2 + 28*l. Is g(t) a prime number?
False
Is 405501/221 - (-2)/13 a prime number?
False
Let b be 3/(((-12)/(-508))/3). Let q = -170 + b. Is q prime?
True
Let r = 179 + 1182. Is r prime?
True
Suppose 0 = p - 63 + 9. Suppose 4*n = 4*a - 32, n + 0 = 5*a + 4. Let o = p + n. Is o composite?
False
Let q = 1951 - 830. Is q prime?
False
Suppose 0 = -4*s - 3*d - 2*d + 2507, 4*d = -2*s + 1258. Is s a composite number?
True
Let o(f) = f**3 - 2*f - 4. Let l be o(0). Let a(j) be the third derivative of 7*j**5/60 + j**4/6 + j**3/6 - j**2. Is a(l) a prime number?
True
Suppose 5*n - o = 62923, -o + 3*o - 25162 = -2*n. Is 48/(-15) + 3 - n/(-20) prime?
False
Let h = -1066 + 2122. Suppose 0 = 2*b + 3*q - 202 - h, -q = 5*b - 3158. Suppose -754 = -2*f + 5*g, -b - 876 = -4*f - g. Is f composite?
True
Let k be (-627)/2*120/(-9). Suppose k = 5*p + 5*a, -5*p + a - 2234 + 6432 = 0. Is p a composite number?
False
Let m(l) = l**3 + 2*l - 81. Let v be m(0). Let a be v/(-18)*8/6. Is ((-20)/a)/((-2)/219) a prime number?
Fals